er when 65 is divided by 54?
11
What is the remainder when 174 is divided by 45?
39
Calculate the remainder when 434 is divided by 15.
14
Calculate the remainder when 1864 is divided by 177.
94
Calculate the remainder when 123 is divided by 44.
35
Calculate the remainder when 74 is divided by 11.
8
What is the remainder when 145 is divided by 20?
5
What is the remainder when 125 is divided by 58?
9
Calculate the remainder when 423 is divided by 59.
10
Calculate the remainder when 328 is divided by 48.
40
What is the remainder when 851 is divided by 15?
11
What is the remainder when 117 is divided by 15?
12
Calculate the remainder when 4991 is divided by 64.
63
Calculate the remainder when 4759 is divided by 56.
55
What is the remainder when 675 is divided by 137?
127
What is the remainder when 53 is divided by 15?
8
Calculate the remainder when 1076 is divided by 215.
1
What is the remainder when 783 is divided by 49?
48
Calculate the remainder when 453 is divided by 51.
45
What is the remainder when 953 is divided by 96?
89
What is the remainder when 488 is divided by 15?
8
What is the remainder when 152 is divided by 53?
46
What is the remainder when 248 is divided by 68?
44
What is the remainder when 2298 is divided by 100?
98
What is the remainder when 6098 is divided by 321?
320
Calculate the remainder when 582 is divided by 45.
42
What is the remainder when 724 is divided by 68?
44
Calculate the remainder when 1886 is divided by 21.
17
Calculate the remainder when 2225 is divided by 552.
17
What is the remainder when 91 is divided by 19?
15
What is the remainder when 1217 is divided by 10?
7
What is the remainder when 77972 is divided by 141?
140
What is the remainder when 1198 is divided by 75?
73
What is the remainder when 221 is divided by 32?
29
Calculate the remainder when 555 is divided by 271.
13
What is the remainder when 76 is divided by 20?
16
Calculate the remainder when 1348 is divided by 189.
25
Calculate the remainder when 1859 is divided by 27.
23
Calculate the remainder when 948 is divided by 73.
72
Calculate the remainder when 215 is divided by 20.
15
What is the remainder when 10401 is divided by 547?
8
What is the remainder when 421 is divided by 211?
210
Calculate the remainder when 50 is divided by 26.
24
What is the remainder when 227 is divided by 217?
10
What is the remainder when 2973 is divided by 6?
3
Calculate the remainder when 87 is divided by 28.
3
What is the remainder when 429 is divided by 36?
33
What is the remainder when 2970 is divided by 740?
10
What is the remainder when 156 is divided by 7?
2
What is the remainder when 571 is divided by 88?
43
What is the remainder when 2781 is divided by 48?
45
What is the remainder when 451 is divided by 57?
52
Calculate the remainder when 2394 is divided by 796.
6
What is the remainder when 2637 is divided by 33?
30
Calculate the remainder when 356 is divided by 16.
4
What is the remainder when 32 is divided by 9?
5
Calculate the remainder when 2066 is divided by 14.
8
What is the remainder when 818 is divided by 117?
116
Calculate the remainder when 1058 is divided by 19.
13
What is the remainder when 8479 is divided by 2823?
10
What is the remainder when 7494 is divided by 63?
60
What is the remainder when 124 is divided by 28?
12
Calculate the remainder when 19497 is divided by 15.
12
Calculate the remainder when 470 is divided by 8.
6
What is the remainder when 125 is divided by 64?
61
Calculate the remainder when 121 is divided by 25.
21
What is the remainder when 3914 is divided by 15?
14
What is the remainder when 1994 is divided by 514?
452
Calculate the remainder when 516 is divided by 130.
126
What is the remainder when 2016 is divided by 47?
42
What is the remainder when 1434 is divided by 96?
90
Calculate the remainder when 24587 is divided by 67.
65
What is the remainder when 23 is divided by 15?
8
What is the remainder when 664 is divided by 29?
26
What is the remainder when 327 is divided by 15?
12
What is the remainder when 394 is divided by 378?
16
What is the remainder when 17818 is divided by 71?
68
What is the remainder when 2308 is divided by 5?
3
Calculate the remainder when 568 is divided by 15.
13
What is the remainder when 2781 is divided by 1386?
9
Calculate the remainder when 29 is divided by 18.
11
What is the remainder when 437 is divided by 243?
194
Calculate the remainder when 112 is divided by 9.
4
What is the remainder when 2007 is divided by 8?
7
What is the remainder when 14903 is divided by 162?
161
Calculate the remainder when 9534 is divided by 10.
4
What is the remainder when 171 is divided by 16?
11
Calculate the remainder when 31 is divided by 10.
1
Calculate the remainder when 25 is divided by 4.
1
What is the remainder when 795 is divided by 9?
3
Calculate the remainder when 141 is divided by 124.
17
What is the remainder when 1031 is divided by 11?
8
What is the remainder when 799 is divided by 790?
9
What is the remainder when 187 is divided by 19?
16
Calculate the remainder when 59 is divided by 16.
11
Calculate the remainder when 10644 is divided by 117.
114
Calculate the remainder when 387 is divided by 101.
84
What is the remainder when 279 is divided by 5?
4
Calculate the remainder when 43 is divided by 33.
10
Calculate the remainder when 1003 is divided by 269.
196
What is the remainder when 18 is divided by 4?
2
Calculate the remainder when 538 is divided by 265.
8
Calculate the remainder when 111 is divided by 31.
18
What is the remainder when 218 is divided by 48?
26
What is the remainder when 77 is divided by 33?
11
Calculate the remainder when 124 is divided by 14.
12
What is the remainder when 3151 is divided by 16?
15
Calculate the remainder when 1094 is divided by 134.
22
Calculate the remainder when 162 is divided by 86.
76
What is the remainder when 180 is divided by 55?
15
What is the remainder when 1184 is divided by 173?
146
Calculate the remainder when 1072 is divided by 135.
127
What is the remainder when 1639 is divided by 37?
11
Calculate the remainder when 2727 is divided by 44.
43
Calculate the remainder when 5442 is divided by 58.
48
What is the remainder when 449 is divided by 45?
44
Calculate the remainder when 1650 is divided by 59.
57
Calculate the remainder when 1433 is divided by 35.
33
Calculate the remainder when 921 is divided by 233.
222
Calculate the remainder when 269 is divided by 93.
83
What is the remainder when 71 is divided by 8?
7
What is the remainder when 2227 is divided by 229?
166
What is the remainder when 172 is divided by 98?
74
What is the remainder when 248 is divided by 60?
8
What is the remainder when 1893 is divided by 630?
3
Calculate the remainder when 3032 is divided by 47.
24
Calculate the remainder when 8818 is divided by 63.
61
Calculate the remainder when 1237 is divided by 10.
7
Calculate the remainder when 518 is divided by 133.
119
Calculate the remainder when 184 is divided by 183.
1
Calculate the remainder when 366 is divided by 37.
33
Calculate the remainder when 3908 is divided by 23.
21
Calculate the remainder when 530 is divided by 28.
26
Calculate the remainder when 1849 is divided by 1848.
1
What is the remainder when 138 is divided by 18?
12
What is the remainder when 3316 is divided by 83?
79
Calculate the remainder when 151 is divided by 77.
74
Calculate the remainder when 1738 is divided by 20.
18
Calculate the remainder when 4318 is divided by 30.
28
What is the remainder when 1406 is divided by 11?
9
What is the remainder when 14 is divided by 14?
0
What is the remainder when 1065 is divided by 67?
60
Calculate the remainder when 3579 is divided by 199.
196
Calculate the remainder when 118 is divided by 19.
4
Calculate the remainder when 201 is divided by 134.
67
What is the remainder when 310 is divided by 26?
24
Calculate the remainder when 308 is divided by 262.
46
What is the remainder when 1119 is divided by 88?
63
Calculate the remainder when 540 is divided by 146.
102
What is the remainder when 443 is divided by 398?
45
What is the remainder when 7298 is divided by 7289?
9
Calculate the remainder when 4421 is divided by 7.
4
Calculate the remainder when 1540 is divided by 525.
490
Calculate the remainder when 30 is divided by 6